 k(t) = -7*t**3 + 3*t**2 + 27*t - 24. Give k(0).
-24
Let d(a) = -70*a - 23. Determine d(-4).
257
Let a(f) = f**3 - 32*f**2 - 148*f + 5548. Determine a(31).
-1
Let r(w) = 116*w - 166. Determine r(4).
298
Let h(t) = -8*t**2 - 28*t - 159. Give h(-7).
-355
Let y(h) = 615*h + 11685. What is y(-19)?
0
Let z(i) = 413*i - 2473. Determine z(6).
5
Let k(x) = -2*x**2 + 51*x + 124. Calculate k(27).
43
Let y(i) = -12*i - 308. What is y(-15)?
-128
Let i(t) = -144*t - 57. Determine i(3).
-489
Let j(g) = -137*g - 2739. Calculate j(-20).
1
Let b(z) = -83*z + 225. Determine b(4).
-107
Let x(b) = -28*b + 696. Give x(-7).
892
Let v(n) = n**3 + 50*n**2 - 129*n - 1434. Give v(-52).
-134
Let x(o) = 62*o - 627. What is x(10)?
-7
Let c(n) = 152*n**2 + 1364*n - 4. What is c(-9)?
32
Let p(q) = -q**3 + 29*q**2 - 256*q + 4. Determine p(16).
-764
Let p(v) = -184*v - 102. What is p(-2)?
266
Let q(t) = -14*t**3 + 5*t - 2. What is q(-2)?
100
Let i(a) = 3*a**3 + 8*a**2 + 6*a - 4. Give i(-3).
-31
Let t(m) = -m**3 - 16*m**2 + 4*m - 11. Determine t(-16).
-75
Let p(j) = -15*j**3 + 135*j**2 + 2*j - 17. Give p(9).
1
Let n(t) = -67*t - 412. Determine n(-10).
258
Let z(v) = 138*v + 3705. What is z(-27)?
-21
Let b(c) = 13*c**3 + 87*c**2 + 11*c - 29. Give b(-6).
229
Let q(s) = -13*s + 185. Determine q(15).
-10
Let i(s) = -s**2 - 64*s - 1002. What is i(-27)?
-3
Let u(h) = -226*h + 25. Give u(-1).
251
Let c(u) = u**2 - 173*u + 6241. Determine c(51).
19
Let v(o) = -3126*o - 268831. Determine v(-86).
5
Let l(j) = -10*j**2 - 100*j + 24. What is l(-13)?
-366
Let r(o) = 104*o**2 + 1141*o - 58. Give r(-11).
-25
Let z(d) = 8*d + 332. What is z(-35)?
52
Let m(d) = 15*d + 340. Give m(-14).
130
Let f(t) = 360*t**2 - 21*t + 2. Calculate f(1).
341
Let y(p) = -3579*p + 28622. What is y(8)?
-10
Let h(s) = 34*s**2 + 300*s - 9. What is h(-9)?
45
Let y(z) = 2*z**2 - 54*z + 145. What is y(24)?
1
Let o(g) = -3*g**3 + 7*g**2 + 3*g + 80. Determine o(0).
80
Let y(z) = -z**3 - 46*z**2 - 74*z - 102. Determine y(-45).
1203
Let z(d) = -10*d**2 - 143*d - 40. Give z(-14).
2
Let f(r) = -r**2 - 21*r - 149. Calculate f(-15).
-59
Let f(t) = 321*t - 6194. Calculate f(20).
226
Let h(s) = 14*s**2 - 51*s + 51. Give h(1).
14
Let q(d) = 3*d**2 + 8*d - 72. Calculate q(0).
-72
Let d(t) = t - 5. What is d(-16)?
-21
Let q(k) = 7*k**2 + 15*k - 108. Calculate q(-6).
54
Let g(t) = 2*t**2 - 203*t - 5432. Give g(-22).
2
Let y(o) = -2*o**3 + 7*o**2 - 32*o + 207. What is y(7)?
-360
Let v(z) = 43*z - 482. What is v(0)?
-482
Let y(v) = -v**3 - 14*v**2 + 2*v - 81. What is y(-15)?
114
Let z(l) = -7*l**2 - 79*l + 33. What is z(-7)?
243
Let v(u) = -4*u**2 + 151*u + 47. Give v(41).
-486
Let r(b) = -82*b - 1206. Determine r(-15).
24
Let n(o) = 292*o + 1033. Determine n(-4).
-135
Let d(a) = 711*a + 8. Give d(0).
8
Let q(i) = 2*i**2 + 399*i + 5661. Give q(-184).
-43
Let p(s) = -3*s**3 - 6*s**2 + 3*s + 3. Give p(2).
-39
Let x(q) = -15*q**2 + 125*q - 13. What is x(8)?
27
Let b(f) = 14*f - 215. Calculate b(8).
-103
Let f(p) = 13*p + 302. Give f(-22).
16
Let k(g) = 2*g**3 - 26*g**2 + 4*g - 50. Determine k(13).
2
Let y(r) = -286*r - 998. Calculate y(-4).
146
Let n(o) = -7*o**2 - 5*o + 195. Give n(5).
-5
Let v(d) = 525*d + 524. Give v(-1).
-1
Let h(p) = -4492*p - 44920. Give h(-10).
0
Let y(m) = m**2 + 33*m - 50. What is y(-39)?
184
Let z(m) = -2538*m - 10158. What is z(-4)?
-6
Let y(b) = 2*b**3 + 6*b**2 - 39*b + 17. Calculate y(-7).
-102
Let c(j) = -6230*j + 40. Give c(0).
40
Let a(t) = 3*t**2 + 1574*t - 6347. Give a(4).
-3
Let x(l) = 2*l**2 + 6*l + 12. Determine x(-6).
48
Let j(t) = t**3 + 42*t**2 + 408*t + 17246. What is j(-42)?
110
Let f(q) = -q**3 + 10*q**2 + 97*q + 26. What is f(16)?
42
Let z(y) = -y**2 - 35*y - 96. What is z(-32)?
0
Let k(d) = d**2 - 12*d - 1596. Give k(47).
49
Let q(t) = -215*t + 2364. Calculate q(11).
-1
Let s(r) = -r**3 + 78*r**2 + 244*r - 74. Determine s(81).
7
Let z(y) = -222*y + 4038. Determine z(19).
-180
Let l(u) = -u**3 + 24*u**2 + 52*u + 42. Calculate l(26).
42
Let m(d) = 1910*d + 30548. What is m(-16)?
-12
Let o(m) = 128*m + 5462. Determine o(-42).
86
Let p(x) = -3600*x - 25211. Give p(-7).
-11
Let u(w) = -w**2 + 32*w + 2264. Determine u(-34).
20
Let v(y) = -33*y**3 + 6*y**2 + 11*y + 8. Determine v(-2).
274
Let y(x) = 174*x - 1581. Calculate y(9).
-15
Let x(v) = 430*v - 15907. Calculate x(37).
3
Let b(h) = -2*h**3 + 4*h**2 - 11*h + 22. Give b(3).
-29
Let n(d) = 328*d**2 - 321*d + 3. Calculate n(1).
10
Let g(d) = -169*d + 14061. Give g(83).
34
Let v(w) = -w**2 + 420*w - 43616. Determine v(188).
0
Let m(x) = -x**3 + 4*x**2 - 12*x + 21. What is m(7)?
-210
Let n(i) = 4*i**2 - 46*i + 105. Determine n(24).
1305
Let n(q) = 20*q - 293. Calculate n(11).
-73
Let h(c) = -8*c**2 + 359*c + 1190. Give h(48).
-10
Let s(a) = 401*a + 44498. What is s(-111)?
-13
Let d(g) = 615*g + 3896. Give d(-6).
206
Let x(r) = -6*r**3 - 3*r + 1. What is x(1)?
-8
Let t(u) = 44*u + 56. What is t(0)?
56
Let z(n) = 87*n + 567. Determine z(-4).
219
Let n(m) = -49*m - 13. Calculate n(2).
-111
Let i(t) = -497*t - 3828. Give i(-8).
148
Let i(a) = 9*a**2 + 128*a + 193. Calculate i(-8).
-255
Let d(x) = 14*x**3 - 6*x**2 - 9*x + 15. What is d(1)?
14
Let s(n) = -7*n**3 - 2*n**2 - n - 9. Give s(-3).
165
Let m(a) = -16*a - 99. What is m(-22)?
253
Let t(d) = -99*d**2 - 95*d - 96. Determine t(-1).
-100
Let j(z) = 603*z**3 + 2*z**2 + z + 3. Determine j(-1).
-599
Let t(p) = -1465*p - 16107. Calculate t(-11).
8
Let h(c) = -49*c - 1440. Calculate h(-33).
177
Let z(d) = -d**3 - 11*d**2 + 40*d + 325. Calculate z(-12).
-11
Let p(x) = -30*x - 359. Determine p(-5).
-209
Let m(a) = -a**3 + 15*a**2 + 41*a - 506. Determine m(15).
109
Let m(s) = -25*s + 144. What is m(13)?
-181
Let p(l) = 11*l**2 - 6*l - 47. Calculate p(-5).
258
Let o(a) = -37*a - 196. What is o(-8)?
100
Let s(z) = 644*z + 17351. What is s(-27)?
-37
Let p(w) = 2*w**3 - 115*w**2 - 299*w - 55. Determine p(60).
5
Let p(g) = g**3 + 37*g**2 - 2109*g - 69. Determine p(-68).
-1
Let i(f) = -32*f + 104. Give i(5).
-56
Let t(j) = 518*j - 4661. Give t(9).
1
Let q(n) = -4*n + 103. Give q(21).
19
Let l(m) = -m**3 - 10*m**2 + 3*m - 4. Determine l(-7).
-172
Let k(x) = 75*x - 1031. Determine k(16).
169
Let l(h) = -h**3 + 30*h**2 - 55*h - 68. Determine l(28).
-40
Let t(b) = 2*b**3 + 146*b**2 - 778*b + 141. What is t(-78)?
-15
Let a(j) = -862*j - 23274. What is a(-27)?
0
Let y(q) = -q**2 + 50*q + 226. Determine y(-4).
10
Let b(c) = -c**2 - 5*c + 6. What is b(5)?
-44
Let a(y) = -17*y + 308. Give a(12).
104
Let v(m) = 17*m**3 - 5*m**2 + 52*m - 47. Determine v(1).
17
Let w(t) = -2*t**3 + 177*t**2 + 87*t + 200. Determine w(89).
22
Let n(f) = 7*f**2 + 120*f - 69. What is n(-13)?
-446
Let w(r) = -r**2 + 40*r + 257. Calculate w(40).
257
Let b(j) = j + 34. Give b(-34).
0
Let f(c) = 10*c + 50. What is f(-16)?
-110
Let t(j) = -25*j - 712. Calculate t(-34).
138
Let v(x) = -x**3 - 5*x**2 - 48*x - 254. Give v(-6).
70
Let g(v) = 15*v + 129. Determine g(-4).
69
Let s(q) = q**2 + 3*q + 79. What is s(9)?
187
Let w(g) = -g**2 - 96*g - 735. What is w(-9)?
48
Let q(x) = 15*x**2 + 76*x + 8. Give q(-5).
3
Let w(p) = -2*p**2 - 42*p - 97. What is w(-18)?
11
Let o(f) = f**3 + 13*f**2 - 19*f - 63. What is o(-14)?
7
Let p(n) = 2*n**2 - 180*n + 3402. Determine p(27).
0
Let b(w) = -8*w - 606. Determine b(-76).
2
Let w(o) = o**3 + 30*o**2 + 145*o - 854. Calculate w(-12).
-2
Let r(m) = -17*m**2 - 69*m - 42. Calculate r(-4).
-38
Let z(a) = 3*a**2 + 12*a - 9. Give z(-7).
54
Let z(h) = h**3 - 6*h**2 - 89*h - 50. What is z(13)?
-24
Let m(b) = 2*b**2 + 94*b + 372. Give m(-44).
108
Let h(n) = -n**3 - 17*n**2 - 84*n - 84. Give h(-8).
12
Let y(i) = -i**2 - 13*i + 355. Give y(-19).
241
Let f(r) = 10*r**3 + 1020*r**2 - 2*r - 205. Calculate f(-102).
-1
Let n(g) = -4*g**2 + 17*g + 392. Give n(-8).
0
Let b(x) = 4*x**3 + 86*x**2 - 86*x + 2. What is b(1)?
6
Let u(k) = -9*k**2 - 1804*k + 1803. Determine u(1).
-10
Let c(v) = 29*v**2 + 145*v + 9. Calculate c(-5).
9
Let x(a) = 4*a**2 + 20*a - 23. Give x(-6).
1
Let o(t) = -606*t + 2466. What is o(4)?
42
Let g(x) = -x**3 + 51*x**2 - 52*x + 108. What is g(50)?
8
Let s(q) = -q**3 + 4*q**2 + 5*q + 12. Determine s(5).
12
Let s(y) = -2*y**2 + 54*y + 6238. Give s(-44).
-10
Let d(i) = 29*i + 40. What is d(-4)?
-76
Let a(y) = -5*y - 